2 - l. Suppose 2*u - 7*u - 2*c = -32, -8 = 2*c. What are the prime factors of j(u)?
17
Let q = -2 - -2. Let w be 8/16 - (-206)/4. Suppose q = -5*s + s + w. What are the prime factors of s?
13
Let p be 1874/22 + 16/(-88). Suppose c = 54 + p. What are the prime factors of c?
139
Suppose -5*p - 5*h - 964 = -17049, 0 = -3*p - 5*h + 9645. List the prime factors of p.
2, 5, 7, 23
Let s(t) = -t**2 + 19*t - 14. Let d be s(18). Let v = d - 4. Suppose 2*b + v*b - 28 = 0. List the prime factors of b.
2, 7
Let k(o) = 9*o - 1. Let q(s) = -s. Let z(v) = k(v) + 6*q(v). List the prime factors of z(3).
2
Suppose -3*k + 3*g = -g - 26, -4*k + 18 = -2*g. Suppose -3*w + 3 = -6, -k*w = 2*o - 126. List the prime factors of o.
2, 3, 5
What are the prime factors of 953728/1472 + (-2)/(-23)?
2, 3
Let q(s) = -s**3 - 4*s**2 + 3*s - 5. Let v be -1 + 16/(-1*4). Let h be q(v). Suppose -h*o = -0*o - 190. What are the prime factors of o?
2, 19
Suppose 4*f - 5*f + 2*z = 326, -3*z = -4*f - 1294. What are the prime factors of (f/(-6))/(8/24)?
7, 23
Let f(x) = 6*x**2. Let v be f(1). Let a = 38 + v. List the prime factors of a.
2, 11
Let i = 0 + 5. Suppose 20 + 70 = i*j. List the prime factors of j.
2, 3
Let l(x) = -x**3 - 3*x**2 - 3*x - 5. Let m = -12 + 9. Let s be l(m). Suppose s*f - 19 - 37 = 0. What are the prime factors of f?
2, 7
Let i(p) = -p**2 - 53*p + 50. List the prime factors of i(-25).
2, 3, 5
Suppose 15*r - 7*r = 2232. Let c = -18 + r. List the prime factors of c.
3, 29
Let f(v) = -8*v + 3. Let k be f(6). What are the prime factors of (-16)/((-2)/4*(-20)/k)?
2, 3
Suppose 0*u + 5*z + 10 = -u, -4*u = z - 17. Suppose -5*g - 20 = -u. List the prime factors of 3 - 0 - (g + 0).
2, 3
Let b(y) be the first derivative of -13*y**2/2 - 3*y - 28. List the prime factors of b(-8).
101
Let o be 25*25 - ((-9)/1 - -6). Suppose o = 5*c - 87. What are the prime factors of c?
11, 13
Suppose -10841 = -7*d - 2245. List the prime factors of d.
2, 307
Let r(p) = 3*p**2 + 6*p + 5. Suppose -4*k = -2*k + 6. Let f be r(k). Suppose 4*q - f - 118 = 0. What are the prime factors of q?
3, 11
Let d(u) = -u**3 - 10*u**2 - 9*u - 9. Let q be d(-9). Suppose -4*w - w + 4*l + 75 = 0, 0 = -5*w - 3*l + 75. Let h = q + w. List the prime factors of h.
2, 3
Suppose -k = 110 - 371. List the prime factors of k.
3, 29
Let j(m) = 46*m**2 + 6*m - 149. Let g(s) = 31*s**2 + 4*s - 100. Let p(c) = -7*g(c) + 5*j(c). List the prime factors of p(5).
2, 5, 29
Let z be 1 - ((-6)/12)/(2/4). Suppose -t + 4*x + 34 = -0*t, -z*t + 8 = 4*x. List the prime factors of t.
2, 7
Let t(q) = -9*q - 25. Suppose -2*f - 2*f = 0. Suppose z = 3, -5*g + f*g - z - 57 = 0. List the prime factors of t(g).
83
Suppose g = 2 + 2. Let q(j) = -j**3 + 3*j**2 - 2*j + 17. Let c be q(4). List the prime factors of 190/g + c/(-14).
2, 3
What are the prime factors of 3/3*495 + -7?
2, 61
Suppose -228 + 5230 = 2*g. List the prime factors of g.
41, 61
Let l(f) = 50*f**2 + 22*f - 15. What are the prime factors of l(7)?
3, 863
Suppose -5*c = 3*j - 70, 3*c - 46 = -2*j - 0*c. What are the prime factors of -50*((-104)/j - -4)?
2, 3, 5
Suppose 5*h - 22902 = 2*z, -4*h + 16033 = -5*z - 2275. What are the prime factors of h?
2, 29, 79
Let v be 6/(0 + 6/105). Suppose 2*h - 13 + 1 = 0. Suppose h*a = v - 33. What are the prime factors of a?
2, 3
Let b(z) = -3*z - 2. Let n be b(-2). Suppose -29 + 1 = -4*r. Let w = n + r. What are the prime factors of w?
11
Suppose 5*o = -4*x + 1290, -25*o = -27*o + x + 529. List the prime factors of o.
2, 131
Suppose -1 - 4 = -h, 0 = -3*q - 4*h + 2195. What are the prime factors of q?
5, 29
Let l(n) = -n - 12. Let j be l(0). Let h(b) be the second derivative of -b**3/3 - 13*b**2/2 + 77*b. List the prime factors of h(j).
11
Let r(w) = 2*w**2 - 4*w - 3. Let c(f) = -4*f**2 + 7*f + 5. Let y(o) = -6*c(o) - 10*r(o). List the prime factors of y(5).
2, 3, 5
Let m(w) = 1062*w - 428. List the prime factors of m(4).
2, 5, 191
Let j(a) = a**3 + 2*a**2 + 2*a + 5. Let d be j(0). Suppose 9*x - 12*x = 4*v - 865, 5*x = -d*v + 1080. What are the prime factors of v?
7, 31
Let x be 1 - 1 - (-25)/(0 - -5). Suppose 115 = x*m - 135. List the prime factors of m.
2, 5
Let t = 1653 + -897. List the prime factors of t.
2, 3, 7
Suppose 26 + 26 = 4*k - c, -5*c + 20 = 0. Suppose -11*f + k*f - 6 = 0. Suppose 4*i - 18 = -f*h + 82, i - 150 = -3*h. What are the prime factors of h?
2, 5
Let l(g) = -8*g + 4. Let d be l(3). Let p = d - -27. Suppose p*s - 2*s - 15 = 5*n, 4*n = 20. What are the prime factors of s?
2
What are the prime factors of (-4)/26 + 1008/468 + 2433?
5, 487
Suppose y + 0 - 3 = -2*l, 0 = -5*l - 2*y + 6. Suppose 4*f + f - 285 = l. What are the prime factors of f?
3, 19
Let g(o) = -o**3 - 15*o**2 - 16*o - 22. Let j be g(-14). Suppose -16*p + 380 = -j*p. What are the prime factors of p?
2, 19
Let a be (0 - 0)/(7 + -5). Suppose a*d + 4*d = 84. Let i = d + 26. List the prime factors of i.
47
Let d(l) = -7*l + 15. Let h = 7 - 1. Let a be d(h). Let p = a + 47. List the prime factors of p.
2, 5
Suppose 3*b - 13*i + 15*i - 6451 = 0, -i = 5*b - 10747. List the prime factors of b.
7, 307
Let t = 202 - 198. Let i = 1 - -1. Suppose i*u = t*u - 52. What are the prime factors of u?
2, 13
Let c = 26 - 17. Suppose c = -4*n + 7*n. Suppose -n*k + 2*k = -17. What are the prime factors of k?
17
Let j(d) = 79 - 3*d - 36 - 42 + d**2. List the prime factors of j(8).
41
Suppose -67*u = -22*u - 90810. What are the prime factors of u?
2, 1009
Let y be (-27)/45 - (-1076)/10. Suppose 3*o - y = 2*k - 7, 2*o + 4*k - 56 = 0. What are the prime factors of o?
2
What are the prime factors of 12/9*1065/10?
2, 71
Let k(f) = -200*f + 224. List the prime factors of k(-11).
2, 3, 101
Let o = 133 - 115. Suppose o = 26*a - 17*a. What are the prime factors of a?
2
Let o(m) = -21*m**3 + 2*m**2 - 2*m + 1. Let g be (-1 + 4/8)*-2. Let k be o(g). List the prime factors of 39/4 - 5/k.
2, 5
Suppose -2*v = 4*p - 126, 5*v + 127 = 4*p + 36. Let j = p - 17. What are the prime factors of j?
2, 3
Suppose -20*y = -2*y - 20052. What are the prime factors of y?
2, 557
Suppose -2*j = -4*o - 0*j + 22, -2*o = -2*j - 8. Suppose o*s - 6 - 8 = 0. List the prime factors of s.
2
Let c(b) = b**3 - 18*b**2 + 39*b + 30. List the prime factors of c(17).
2, 101
Suppose 36*o - 53658 = 3*o. List the prime factors of o.
2, 3, 271
Let a(t) = -t - 2. Let k be a(5). Let l(j) = -7*j**2 - 15*j. Let g(f) = -15*f**2 - 31*f - 1. Let y(s) = -6*g(s) + 13*l(s). List the prime factors of y(k).
2, 5
Suppose 0 = -3*f + 14 + 16. Let z be f/(-4) + (-6)/(-4). What are the prime factors of (34 - (-4 - -1)) + z?
2, 3
Suppose -s - 1287 = -2*h, h - 206 = 4*s + 427. What are the prime factors of h?
3, 5, 43
List the prime factors of (0 + 1)*17*10.
2, 5, 17
List the prime factors of (-45060)/(-14) - 276/483.
2, 1609
Suppose -202 - 568 = -2*b. What are the prime factors of b?
5, 7, 11
Let u = -299 + 595. What are the prime factors of u?
2, 37
Let n(u) = -2*u + 9. Let j be n(6). List the prime factors of 24 - (-3 + (-2 - j)).
2, 13
Suppose -5*g = -27*g + 49038. List the prime factors of g.
3, 743
Let t(m) = 2 + 3*m + 3*m**2 + 17*m**3 + 2 - 18*m**3. Let x be t(4). Suppose 5*q - 94 - 41 = x. List the prime factors of q.
3
Let u = -11 - 3. Let p be (-7)/u*58*1. Let x = p - 14. What are the prime factors of x?
3, 5
Suppose 14*f - 40656 = -2*f. List the prime factors of f.
3, 7, 11
Suppose 3*k + 13 = 19. Suppose -64 = -2*g + 5*j, -k*g - 9 = -j - 81. What are the prime factors of g?
37
Let j = -199 + 254. What are the prime factors of j?
5, 11
Let n(i) = i**2 + 18*i + 17. Let k be n(-17). Suppose k*a + 60 = a. What are the prime factors of a?
2, 3, 5
Let b(z) = z**3 + 4*z**2 + 3*z. Let f = 23 + -26. Let x be b(f). Suppose 4*m - 2*h + 3*h - 46 = x, -2*h = 3*m - 37. What are the prime factors of m?
11
Let u(g) = 4*g**2 + 9*g - 3. Let y be u(-7). Suppose -y = -3*q + 5. List the prime factors of q.
3, 5
Let x = 31 - 55. What are the prime factors of (-370)/(-8) - 18/x?
47
Let b(c) be the second derivative of -c**5/20 + 13*c**4/12 + 3*c**3 + 9*c**2/2 - 23*c. What are the prime factors of b(14)?
5, 13
Let b(n) = -n**3 + 8*n**2 + 9*n + 2. Let o be b(9). Suppose 4*f = -4*v + 60, -4*v + o*f + 25 = -17. Let k = 38 - v. What are the prime factors of k?
2, 13
Suppose 